{"id":6,"date":"2021-02-09T19:40:50","date_gmt":"2021-02-09T18:40:50","guid":{"rendered":"http:\/\/172.16.16.45\/dobromed.cz\/?page_id=6"},"modified":"2021-03-25T18:39:46","modified_gmt":"2021-03-25T17:39:46","slug":"o-nas","status":"publish","type":"page","link":"https:\/\/dobromed.cz\/index.php\/o-nas\/","title":{"rendered":"Stanovi\u0161t\u011b m\u00fdch v\u010delstev"},"content":{"rendered":"\n<p>Od roku 2020 m\u00e1m ji\u017e \u00faly na dvou stanovi\u0161t\u00edch&#8230;. velkov\u010dela\u0159 :-). R\u00e1d v\u00e1m uk\u00e1\u017eu, jak to na v\u010delnici a v \u00fale vypad\u00e1. Dejte v\u011bd\u011bt a p\u0159ije\u010fte se na Z\u00e1vrtek pod\u00edvat. Je tam dostatek v\u010dela\u0159sk\u00fdch klobouk\u016f, otev\u0159eme n\u011bjak\u00fd \u00fal a uvid\u00edte, kde ten med vlastn\u011b vznik\u00e1.<\/p>\n\n\n\n<p><strong>Ole\u0161n\u00e1<\/strong> (N\u011bm\u010dovice)  Tady jsem za\u010dal v\u010dela\u0159it a odtud pravd\u011bpodobn\u011b bude m\u00edt med, pokud si ho ode mne po\u0159\u00edd\u00edte. Ole\u0161n\u00e1 le\u017e\u00ed v p\u0159\u00edrodn\u00edm parku Horn\u00ed Berounka. Koukn\u011bte na mapu (&nbsp;<a rel=\"noreferrer noopener\" href=\"https:\/\/mapy.cz\/s\/3llr5\" target=\"_blank\">mapy.cz<\/a>&nbsp;), \u0161iroko daleko \u017e\u00e1dn\u00fd pr\u016fmyslov\u00fd podnik, \u017e\u00e1dn\u00e1 hlavn\u00ed silnice, jen typick\u00e1 vesnick\u00e1 krajina \u2013 pole, louky a ak\u00e1tov\u00e9 str\u00e1n\u011b strm\u011b se sva\u017euj\u00edc\u00ed k Berounce. M\u00e1m zde kolem 10ti v\u010delstev.<\/p>\n\n\n\nngg_shortcode_0_placeholder\n\n\n\n<p><strong> Z\u00e1vrtek <\/strong>(Plze\u0148 Koterov). <a rel=\"noreferrer noopener\" href=\"http:\/\/nove.vcelari-plzen.cz\/\" target=\"_blank\"> ZO Plze\u0148-st\u0159ed<\/a> mn\u011b umo\u017enila um\u00edstit \u00faly do jejich v\u010dela\u0159sk\u00e9ho are\u00e1lu u \u0159eky \u00daslavy bl\u00edzko Koterova. Are\u00e1l je kousek od m\u00e9ho domu a r\u00e1d bych se zde v\u00edce za\u010dal v\u011bnovat chovu matek, tvorb\u011b odd\u011blk\u016f a podobn\u00fdm fajnovostem. To v\u0161e je obt\u00ed\u017en\u00e9 d\u011blat, pokud nem\u00e1te v\u010dely kousek od domu.<\/p>\n\n\n\nngg_shortcode_1_placeholder\n","protected":false},"excerpt":{"rendered":"<p>Od roku 2020 m\u00e1m ji\u017e \u00faly na dvou stanovi\u0161t\u00edch&#8230;. velkov\u010dela\u0159 :-). R\u00e1d v\u00e1m uk\u00e1\u017eu, jak to na v\u010delnici a v \u00fale vypad\u00e1. Dejte v\u011bd\u011bt a p\u0159ije\u010fte se na Z\u00e1vrtek pod\u00edvat. Je tam dostatek v\u010dela\u0159sk\u00fdch klobouk\u016f, otev\u0159eme n\u011bjak\u00fd \u00fal a uvid\u00edte, &hellip; <a href=\"https:\/\/dobromed.cz\/index.php\/o-nas\/\">Cel\u00fd p\u0159\u00edsp\u011bvek <span class=\"meta-nav\">&rarr;<\/span><\/a><\/p>\n","protected":false},"author":1,"featured_media":0,"parent":0,"menu_order":0,"comment_status":"closed","ping_status":"closed","template":"","meta":{"ngg_post_thumbnail":0,"footnotes":""},"class_list":["post-6","page","type-page","status-publish","hentry"],"_links":{"self":[{"href":"https:\/\/dobromed.cz\/index.php\/wp-json\/wp\/v2\/pages\/6"}],"collection":[{"href":"https:\/\/dobromed.cz\/index.php\/wp-json\/wp\/v2\/pages"}],"about":[{"href":"https:\/\/dobromed.cz\/index.php\/wp-json\/wp\/v2\/types\/page"}],"author":[{"embeddable":true,"href":"https:\/\/dobromed.cz\/index.php\/wp-json\/wp\/v2\/users\/1"}],"replies":[{"embeddable":true,"href":"https:\/\/dobromed.cz\/index.php\/wp-json\/wp\/v2\/comments?post=6"}],"version-history":[{"count":14,"href":"https:\/\/dobromed.cz\/index.php\/wp-json\/wp\/v2\/pages\/6\/revisions"}],"predecessor-version":[{"id":277,"href":"https:\/\/dobromed.cz\/index.php\/wp-json\/wp\/v2\/pages\/6\/revisions\/277"}],"wp:attachment":[{"href":"https:\/\/dobromed.cz\/index.php\/wp-json\/wp\/v2\/media?parent=6"}],"curies":[{"name":"wp","href":"https:\/\/api.w.org\/{rel}","templated":true}]}}