{"id":323,"date":"2021-04-05T17:39:56","date_gmt":"2021-04-05T15:39:56","guid":{"rendered":"http:\/\/dobromed.cz\/?page_id=323"},"modified":"2021-04-05T17:47:56","modified_gmt":"2021-04-05T15:47:56","slug":"prepravka-na-medy","status":"publish","type":"page","link":"https:\/\/dobromed.cz\/index.php\/prepravka-na-medy\/","title":{"rendered":"P\u0159epravka na medy"},"content":{"rendered":"\n<p>V d\u00edln\u011b se mi za\u010dala hromadit spousta od\u0159ezk\u016f a rozhodl jsem se je vyu\u017e\u00edt&#8230; Cht\u011bl jsem postavit co nejleh\u010d\u00ed p\u0159epravku, alespo\u0148 na 8 sklenic medu. A bohu\u017eel a\u017e pozd\u011b jsem zjistil, \u017ee pr\u00e1v\u011b na tak tit\u011brn\u00e9 z\u00e1le\u017eitosti se od\u0159ezky moc nehod\u00ed a p\u0159\u00ed\u0161t\u011b si na podobn\u00fd projekt vyberu to nejfajnov\u011bj\u0161\u00ed d\u0159evo co najdu&#8230; To, co se ne\u0161t\u00edpe a nen\u00ed v n\u011bm moc suk\u016f. Ale nakonec se to povedlo a p\u0159\u00ed\u0161t\u00ed rok mus\u00edm postavit kopii, do druh\u00e9 ruky :-). \u0160koda, \u017ee u\u017e nem\u00e1m 8 sklenic medu, abych dok\u00e1zal v\u0161e ozkou\u0161et zat\u00ed\u017een\u00e9.  Jestli si objedn\u00e1te med, p\u0159ivezu ho patrn\u011b pr\u00e1v\u011b v t\u00e9to p\u0159epravce, tak ji m\u016f\u017eete sami okouknout \ud83d\ude09 <\/p>\n\n\n\nngg_shortcode_0_placeholder\n\n\n\n<p><\/p>\n","protected":false},"excerpt":{"rendered":"<p>V d\u00edln\u011b se mi za\u010dala hromadit spousta od\u0159ezk\u016f a rozhodl jsem se je vyu\u017e\u00edt&#8230; Cht\u011bl jsem postavit co nejleh\u010d\u00ed p\u0159epravku, alespo\u0148 na 8 sklenic medu. A bohu\u017eel a\u017e pozd\u011b jsem zjistil, \u017ee pr\u00e1v\u011b na tak tit\u011brn\u00e9 z\u00e1le\u017eitosti se od\u0159ezky moc &hellip; <a href=\"https:\/\/dobromed.cz\/index.php\/prepravka-na-medy\/\">Cel\u00fd p\u0159\u00edsp\u011bvek <span class=\"meta-nav\">&rarr;<\/span><\/a><\/p>\n","protected":false},"author":1,"featured_media":0,"parent":0,"menu_order":0,"comment_status":"closed","ping_status":"closed","template":"","meta":{"ngg_post_thumbnail":0,"footnotes":""},"class_list":["post-323","page","type-page","status-publish","hentry"],"_links":{"self":[{"href":"https:\/\/dobromed.cz\/index.php\/wp-json\/wp\/v2\/pages\/323"}],"collection":[{"href":"https:\/\/dobromed.cz\/index.php\/wp-json\/wp\/v2\/pages"}],"about":[{"href":"https:\/\/dobromed.cz\/index.php\/wp-json\/wp\/v2\/types\/page"}],"author":[{"embeddable":true,"href":"https:\/\/dobromed.cz\/index.php\/wp-json\/wp\/v2\/users\/1"}],"replies":[{"embeddable":true,"href":"https:\/\/dobromed.cz\/index.php\/wp-json\/wp\/v2\/comments?post=323"}],"version-history":[{"count":6,"href":"https:\/\/dobromed.cz\/index.php\/wp-json\/wp\/v2\/pages\/323\/revisions"}],"predecessor-version":[{"id":332,"href":"https:\/\/dobromed.cz\/index.php\/wp-json\/wp\/v2\/pages\/323\/revisions\/332"}],"wp:attachment":[{"href":"https:\/\/dobromed.cz\/index.php\/wp-json\/wp\/v2\/media?parent=323"}],"curies":[{"name":"wp","href":"https:\/\/api.w.org\/{rel}","templated":true}]}}